 when 41 is divided by d.
13
Let h(z) = -z**3 - 10*z**2 + 13*z + 27. Let f be (2/4)/(2/8). Suppose 0 = -f*v - 0*v + 4. Calculate the remainder when h(-11) is divided by v.
1
Let p be (0 + 0)*(-13)/26. Suppose p*m - 315 = -5*m. What is the remainder when m is divided by 11?
8
Let w(h) = -22*h**3. Let z be -4*1*(-1)/2. Suppose -5*k = -2*j - 46, -z*k - 4 = -4*k - 4*j. Calculate the remainder when w(-1) is divided by k.
6
Suppose -4*o + 20 = -0*o. Suppose 0 = 2*u - 9 - 9. What is the remainder when u is divided by o?
4
Let j be 4144/(-44) - 4/(-22). Let v = j - -138. What is the remainder when v is divided by 15?
14
Let n = -52 + 90. What is the remainder when n is divided by 13?
12
Let k(a) = a**2 + 3*a + 3. Let s be 12/(-3*1/(-2)). Let q = 4 + s. Calculate the remainder when q is divided by k(-4).
5
Let s(q) be the second derivative of 3*q**5/5 + q**4/12 - q**2/2 + q. Let c be s(2). Suppose 4*f - c = f. What is the remainder when f is divided by 17?
16
Let m = -15 - -14. Suppose 5*d + 26 = 1. Let u = m - d. Calculate the remainder when 6 is divided by u.
2
Suppose 13*b - 15*b + 32 = 0. What is the remainder when 92 is divided by b?
12
Suppose -4 = 2*t - 10. Calculate the remainder when 8 is divided by t.
2
Let l(a) = 3*a**3 - 3*a**2 + 3. Calculate the remainder when l(3) is divided by (24/(-10))/((-2)/25).
27
Suppose -n = -3*f - 66, -49 = 5*n + 3*f - 325. Calculate the remainder when n is divided by 12.
9
Suppose n + 2 = -1, -5*z = -n - 28. Suppose 4*a + 0 = -4. What is the remainder when (6/(-15))/(a/z) is divided by 2?
0
Suppose 3*n + 5*p - 73 = 0, 2*n - 2*p = 35 + 19. Let i = 85 - 35. What is the remainder when i is divided by n?
24
Suppose -w - 2*w + 42 = 0. Suppose -4*y - 19 + 7 = 0. What is the remainder when (-79 + y)*1/(-2) is divided by w?
13
Suppose 0 = o + 2 - 0. Calculate the remainder when (o - 1)*120/(-9) is divided by 21.
19
Let k = -16 - -42. Calculate the remainder when 51 is divided by k.
25
Let d(f) = -f**2 - 9*f + 7. Let z be d(-8). Suppose -3*s + z = 0, -4*n + s + 7 = -0*s. What is the remainder when 4 is divided by n?
1
Let p = 125 - 362. What is the remainder when 1/(-3 - p/78) is divided by 14?
12
What is the remainder when 10 is divided by 2/(-13) - (0 - (-123)/(-39))?
1
Let g be (-2)/(-8) - (-7)/4. Calculate the remainder when 9 + 0 + g - 0 is divided by 3.
2
Suppose 4*a - 42 = 2*y, -4*a = y + y - 62. Suppose 4*c - 44 = 52. What is the remainder when c is divided by a?
11
Suppose -30 = -z - 2*z. What is the remainder when 31 is divided by z?
1
Suppose l - 25 = 25. What is the remainder when l is divided by 28?
22
Let b(y) = y - 6. Let a(z) = -z + 13. Let t(v) = -3*a(v) - 5*b(v). What is the remainder when 14 is divided by t(-7)?
4
Let w = -9 + 11. Suppose c + 33 = 5*y, w*c + y + 51 = -c. Let d = c - -34. What is the remainder when d is divided by 6?
4
Let i(o) = 2*o**2 + 4*o. Suppose 0 = 7*q - 3*q + 16. What is the remainder when 30 is divided by i(q)?
14
Suppose 2 = -0*c - 2*c. Let s = 7 + c. What is the remainder when s is divided by 4?
2
Suppose 37 + 93 = 5*x. Let p = 5 + x. Let k(b) = 9*b - 10. Calculate the remainder when p is divided by k(2).
7
Let q = -100 + 147. What is the remainder when q is divided by 5?
2
Let s = 51 + -25. What is the remainder when 51 is divided by s?
25
Let k(o) = -o**2 + 8*o + 7. Let r be (-20)/(-2)*8/10. What is the remainder when 25 is divided by k(r)?
4
Let z = 107 + -85. Calculate the remainder when 35 is divided by z.
13
Suppose -5*l + 154 = 4*h, 5*h - h + 4*l - 152 = 0. Calculate the remainder when 178 is divided by h.
34
Suppose s - 6*s + 10 = 0. Suppose -s*f + 2*j + 18 = -3*j, -2*f + 18 = 2*j. What is the remainder when 25 is divided by f?
7
Suppose 2*u - 6 = -2. Suppose 0 = -r + 5*o + 3, 2*r + 4*o + o = 6. What is the remainder when r is divided by u?
1
Let d(r) be the first derivative of -r**4/4 + 5*r**3/3 + 5*r**2 + 3*r - 1. Let m be d(7). Let c = m + 44. Calculate the remainder when c is divided by 7.
5
Suppose l = 4*l - 96. Calculate the remainder when l is divided by (2 + 0)/((-4)/(-22)).
10
Let t(w) = -w - 8. Suppose 23 + 32 = -5*p. What is the remainder when 11 is divided by t(p)?
2
Calculate the remainder when -4 + 1 + 2 - -38 is divided by 19.
18
Suppose -5*h + 169 = 44. Calculate the remainder when h is divided by 14.
11
Suppose 2*l = 3*a + 94, -l - 105 = 4*a + 2. Let w = a + 42. What is the remainder when 39 is divided by w?
11
Suppose -3*z - 6 = 4*a, 3*a + z = a - 2. Let n be -17*3/3 + a. Let l = 35 + n. Calculate the remainder when 52 is divided by l.
16
Suppose 0 = 3*r - 19 - 104. Calculate the remainder when r is divided by 15.
11
Let o = 4 - -1. Suppose o*p = -3*i + 83, -2*i + 134 = 3*i + 4*p. Calculate the remainder when i is divided by 9.
8
Let b = -155 + 202. What is the remainder when b is divided by (12/5)/((-1)/(-5))?
11
Suppose -2*u = -7*u. Let m = 34 + u. What is the remainder when m is divided by 12?
10
Calculate the remainder when 31 is divided by (-4)/(1 - 5) - -7.
7
Let p(l) = -15*l**3 - 3*l**2 - 4*l - 3. Calculate the remainder when p(-2) is divided by 23.
21
Let t(i) = -i + 83. Calculate the remainder when t(24) is divided by 30.
29
Let o = 0 + 7. Suppose 2*w + 9*v - 4*v + 15 = 0, -4*w = 5*v + 5. What is the remainder when o is divided by w?
2
Let n = 187 - -57. What is the remainder when n is divided by 49?
48
Let n = -11 - -14. Let a(b) = 2*b**2 + 5*b + 5. Let f be a(-4). Suppose 5*d - 6*k = -k + 30, 3*k = -4*d + f. Calculate the remainder when d is divided by n.
2
Let p = 18 + -16. Suppose k + 0*x - 20 = p*x, 4*k - 92 = 4*x. Calculate the remainder when 51 is divided by k.
25
Let j = 6 + -4. Let y be j/(0 + -2)*-89. Suppose -m - y = -2*v - 2*v, -32 = -2*v - 2*m. Calculate the remainder when v is divided by 11.
10
Let l = -29 + 52. Suppose -2*p + 79 + l = 0. What is the remainder when p is divided by 13?
12
Let v(h) = h**2 - 4*h + 3. Let n be v(6). Let f = -5 + n. Calculate the remainder when 18 is divided by f.
8
Let r = -18 - -26. Let a = 5 + r. Suppose -4*d - 1 = -5*d - 4*i, 4*d = 4*i + 24. What is the remainder when a is divided by d?
3
Suppose 3 - 5 = -2*s. Suppose f = 10 + s. Calculate the remainder when 31 is divided by f.
9
Suppose -3*s + 5*b + 65 = 0, -6*b - 68 = -4*s - 4*b. Suppose 0 = 3*x - 40 - 80. Suppose 0 = d - x - 4. What is the remainder when d is divided by s?
14
Suppose -8*l + 235 = 59. Calculate the remainder when 40 is divided by l.
18
Let a = -57 - -102. Suppose 0 = g + 2*g + a. Calculate the remainder when 10 is divided by ((-4)/(-5))/((-3)/g).
2
Suppose 0 = -4*s + 20 + 8. Suppose 0 = -0*x - 2*x + 2*m + 12, 12 = -2*x - 4*m. What is the remainder when s is divided by x?
1
Let i(s) = 5*s**2 + 28*s - 3. What is the remainder when 90 is divided by i(-7)?
44
Let j(g) = g**2 + 3*g - 1. What is the remainder when 19 is divided by j(2)?
1
Suppose 4*u + 11 = v, -3*u = 3*v - 2*v - 25. Suppose 5*j - 3*b = b + 47, -5*j - 4*b + 23 = 0. What is the remainder when v is divided by j?
5
Suppose 4 = -q + 21. What is the remainder when 67 is divided by q?
16
Let n(b) = -b**2 + 4*b - 3. Let j be n(-6). Let p = -36 - j. What is the remainder when p is divided by 7?
6
Let t(f) = 8*f**2 - 5*f + 5. What is the remainder when t(4) is divided by 39?
35
Let m(v) = -9*v - 6. Let t(z) = z + 5. Let p be t(-9). Let r be m(p). What is the remainder when (20/(-6))/((-4)/r) is divided by 9?
7
Let o = 7 + -7. Suppose o = -d + t - 4*t - 1, -3*t = 2*d - 1. What is the remainder when 3 is divided by d?
1
Let j be 1 + (-3)/(-6)*-2. Suppose -s - 2 + 3 = j. What is the remainder when 2 is divided by s?
0
Let t = 0 - -3. Suppose 2*q - 22 - 56 = -5*p, 0 = -t*p - 5*q + 62. Calculate the remainder when 41 is divided by p.
13
Suppose -2*u - 2*u = -12. Let p = -1 + u. Let w = -7 - -11. What is the remainder when w is divided by p?
0
Let x = 29 - 14. What is the remainder when x is divided by 9?
6
Suppose 2*k = v + 1, 3 + 0 = v. Suppose 4*h = 16, 0 = -k*w - 2*w + 5*h + 16. Calculate the remainder when 1 + -1 - 78/(-3) is divided by w.
8
What is the remainder when (-24)/84 - 237/(-21) is divided by (-3 + -1)*(0 + -1)?
3
Let l = 15 + 420. Suppose -5*s + 2*b + l = 0, 0 = s + 6*b - 2*b - 65. Suppose 5*q - 315 = -s. What is the remainder when q is divided by 16?
14
Suppose